{"id":6255,"date":"2022-05-03T12:08:06","date_gmt":"2022-05-03T10:08:06","guid":{"rendered":"https:\/\/nolanplastica.it\/privacy-policy\/"},"modified":"2023-03-09T15:41:52","modified_gmt":"2023-03-09T14:41:52","slug":"privacy-policy","status":"publish","type":"page","link":"https:\/\/nolanplastica.it\/fr\/privacy-policy\/","title":{"rendered":"Privacy Policy"},"content":{"rendered":"\t\t<div data-elementor-type=\"wp-page\" data-elementor-id=\"6255\" class=\"elementor elementor-6255 elementor-3\" data-elementor-post-type=\"page\">\n\t\t\t\t\t\t<section class=\"elementor-section elementor-top-section elementor-element elementor-element-1f3dbc8 elementor-section-height-min-height elementor-section-items-stretch elementor-section-boxed elementor-section-height-default\" data-id=\"1f3dbc8\" data-element_type=\"section\" data-settings=\"{&quot;background_background&quot;:&quot;classic&quot;}\">\n\t\t\t\t\t\t\t<div class=\"elementor-background-overlay\"><\/div>\n\t\t\t\t\t\t\t<div class=\"elementor-container elementor-column-gap-no\">\n\t\t\t\t\t<div class=\"elementor-column elementor-col-100 elementor-top-column elementor-element elementor-element-56b4e5e\" data-id=\"56b4e5e\" data-element_type=\"column\">\n\t\t\t<div class=\"elementor-widget-wrap elementor-element-populated\">\n\t\t\t\t\t\t<div class=\"elementor-element elementor-element-8f2e918 elementor-widget__width-auto elementor-widget elementor-widget-heading\" data-id=\"8f2e918\" data-element_type=\"widget\" data-widget_type=\"heading.default\">\n\t\t\t\t<div class=\"elementor-widget-container\">\n\t\t\t<style>\/*! elementor - v3.23.0 - 25-07-2024 *\/\n.elementor-heading-title{padding:0;margin:0;line-height:1}.elementor-widget-heading .elementor-heading-title[class*=elementor-size-]>a{color:inherit;font-size:inherit;line-height:inherit}.elementor-widget-heading .elementor-heading-title.elementor-size-small{font-size:15px}.elementor-widget-heading .elementor-heading-title.elementor-size-medium{font-size:19px}.elementor-widget-heading .elementor-heading-title.elementor-size-large{font-size:29px}.elementor-widget-heading .elementor-heading-title.elementor-size-xl{font-size:39px}.elementor-widget-heading .elementor-heading-title.elementor-size-xxl{font-size:59px}<\/style><p class=\"elementor-heading-title elementor-size-default\">privacy policy<\/p>\t\t<\/div>\n\t\t\t\t<\/div>\n\t\t\t\t<div class=\"elementor-element elementor-element-9f90ac8 elementor-widget elementor-widget-heading\" data-id=\"9f90ac8\" data-element_type=\"widget\" data-widget_type=\"heading.default\">\n\t\t\t\t<div class=\"elementor-widget-container\">\n\t\t\t<h1 class=\"elementor-heading-title elementor-size-default\">Privacy Policy<\/h1>\t\t<\/div>\n\t\t\t\t<\/div>\n\t\t\t\t\t<\/div>\n\t\t<\/div>\n\t\t\t\t\t<\/div>\n\t\t<\/section>\n\t\t\t\t<section class=\"elementor-section elementor-top-section elementor-element elementor-element-6f94b4d4 elementor-section-boxed elementor-section-height-default elementor-section-height-default\" data-id=\"6f94b4d4\" data-element_type=\"section\">\n\t\t\t\t\t\t<div class=\"elementor-container elementor-column-gap-default\">\n\t\t\t\t\t<div class=\"elementor-column elementor-col-100 elementor-top-column elementor-element elementor-element-43c92c3f\" data-id=\"43c92c3f\" data-element_type=\"column\">\n\t\t\t<div class=\"elementor-widget-wrap elementor-element-populated\">\n\t\t\t\t\t\t<div class=\"elementor-element elementor-element-3f76f376 elementor-widget elementor-widget-text-editor\" data-id=\"3f76f376\" data-element_type=\"widget\" data-widget_type=\"text-editor.default\">\n\t\t\t\t<div class=\"elementor-widget-container\">\n\t\t\t<style>\/*! elementor - v3.23.0 - 25-07-2024 *\/\n.elementor-widget-text-editor.elementor-drop-cap-view-stacked .elementor-drop-cap{background-color:#69727d;color:#fff}.elementor-widget-text-editor.elementor-drop-cap-view-framed .elementor-drop-cap{color:#69727d;border:3px solid;background-color:transparent}.elementor-widget-text-editor:not(.elementor-drop-cap-view-default) .elementor-drop-cap{margin-top:8px}.elementor-widget-text-editor:not(.elementor-drop-cap-view-default) .elementor-drop-cap-letter{width:1em;height:1em}.elementor-widget-text-editor .elementor-drop-cap{float:left;text-align:center;line-height:1;font-size:50px}.elementor-widget-text-editor .elementor-drop-cap-letter{display:inline-block}<\/style>\t\t\t\t<p>Les donn\u00e9es personnelles de l&rsquo;utilisateur sont utilis\u00e9es par Nolanplastica S.p.A., dont le si\u00e8ge social est situ\u00e9 Via Ponte di Sirico 68, Saviano (NA), qui est le responsable du traitement, dans le respect des principes de protection des donn\u00e9es personnelles \u00e9tablis par le r\u00e8glement GDPR 2016\/679 et le D\u00c9CRET L\u00c9GISLATIF 101\/2018 du 10 ao\u00fbt 2018.<\/p>\n<p><strong>M\u00c9THODES ET FINALIT\u00c9S DU TRAITEMENT DES DONN\u00c9ES<\/strong><\/p>\n<p>Nous vous informons que vos donn\u00e9es personnelles seront trait\u00e9es de mani\u00e8re licite et correcte conform\u00e9ment \u00e0 la l\u00e9gislation susmentionn\u00e9e et avec le soutien des moyens suivants:<\/p>\n<ul>\n<li>\n<p>Formulaires papier (formulaires d&rsquo;inscription, de commande, etc.).<\/p>\n<\/li>\n<li>\n<p>Moyens informatiques (logiciels de gestion, de comptabilit\u00e9, etc.)<\/p>\n<\/li>\n<\/ul>\n<p>avec les finalit\u00e9s suivantes:<\/p>\n<ul>\n<li>\n<p>Ex\u00e9cution d&rsquo;obligations fiscales ou comptables<\/p>\n<\/li>\n<li>\n<p>Gestion des fournisseurs (contrats, commandes, arrivages, factures)<\/p>\n<\/li>\n<li>\n<p>Gestion des clients (contrats, commandes, exp\u00e9ditions, factures)<\/p>\n<\/li>\n<li>\n<p>Instruments de paiement \u00e9lectronique (cartes de cr\u00e9dit et\/ou de d\u00e9bit, monnaie \u00e9lectronique)<\/p>\n<\/li>\n<\/ul>\n<p><strong>BASE JURIDIQUE<\/strong><\/p>\n<p>La fourniture des donn\u00e9es est obligatoire pour tout ce qui est requis par les obligations l\u00e9gales et contractuelles et, par cons\u00e9quent, tout refus de fournir ces donn\u00e9es en tout ou en partie peut entra\u00eener l&rsquo;impossibilit\u00e9 de fournir les services demand\u00e9s. L&rsquo;entreprise traite les donn\u00e9es facultatives de l&rsquo;utilisateur sur la base du consentement, c&rsquo;est-\u00e0-dire par l&rsquo;approbation explicite de la pr\u00e9sente politique de confidentialit\u00e9 et en relation avec les m\u00e9thodes et les finalit\u00e9s d\u00e9crites ci-dessous.<\/p>\n<p><strong>CAT\u00c9GORIES DE DESTINATAIRES<\/strong><\/p>\n<p>Sans pr\u00e9judice des communications effectu\u00e9es en ex\u00e9cution d&rsquo;obligations l\u00e9gales et contractuelles, toutes les donn\u00e9es collect\u00e9es et trait\u00e9es pourront \u00eatre communiqu\u00e9es, exclusivement pour les finalit\u00e9s indiqu\u00e9es ci-dessus, aux cat\u00e9gories d&rsquo;int\u00e9ress\u00e9s suivantes:<\/p>\n<ul>\n<li>\n<p><span class=\"fontstyle0\">Organismes, organes de contr\u00f4le, autorit\u00e9s ou institutions publiques;<\/span><\/p>\n<\/li>\n<li>\n<p><span class=\"fontstyle0\">Consultants et professionnels ind\u00e9pendants, y compris sous forme d&rsquo;association;<\/span><\/p>\n<\/li>\n<li>\n<p><span class=\"fontstyle0\">Compagnies d&rsquo;assurance;<\/span><\/p>\n<\/li>\n<li>\n<p><span class=\"fontstyle0\">Responsables externes;<\/span><\/p>\n<\/li>\n<li>\n<p><span class=\"fontstyle0\">Responsables internes;<\/span><\/p>\n<\/li>\n<li>\n<p><span class=\"fontstyle0\">Entreprises fournissant des services de logistique d&rsquo;entrep\u00f4t et de transport;<\/span><\/p>\n<\/li>\n<li>\n<p><span class=\"fontstyle0\">Soci\u00e9t\u00e9s et entreprises;<\/span><\/p>\n<\/li>\n<li>\n<p><span class=\"fontstyle0\">Banques et \u00e9tablissements de cr\u00e9dit charg\u00e9s de suivre ou de recevoir des paiements li\u00e9s \u00e0 des relations contractuelles et commerciales.<\/span><\/p>\n<\/li>\n<\/ul>\n<p><strong>DUR\u00c9E DE CONSERVATION<\/strong><\/p>\n<p>Les donn\u00e9es obligatoires \u00e0 des fins contractuelles et comptables sont conserv\u00e9es pendant la dur\u00e9e n\u00e9cessaire \u00e0 l&rsquo;ex\u00e9cution de la relation commerciale et comptable. Les donn\u00e9es des personnes qui n&rsquo;ach\u00e8tent pas ou n&rsquo;utilisent pas les produits\/services, m\u00eame si elles ont eu des contacts ant\u00e9rieurs avec des repr\u00e9sentants de l&rsquo;entreprise, seront imm\u00e9diatement supprim\u00e9es ou trait\u00e9es de mani\u00e8re anonyme, si leur conservation ne se justifie pas autrement, \u00e0 moins que le consentement \u00e9clair\u00e9 des personnes concern\u00e9es n&rsquo;ait \u00e9t\u00e9 valablement obtenu en vue d&rsquo;une promotion commerciale ou d&rsquo;une activit\u00e9 d&rsquo;\u00e9tude de march\u00e9 ult\u00e9rieures. Les donn\u00e9es seront trait\u00e9es aussi longtemps que n\u00e9cessaire pour l&rsquo;ex\u00e9cution de la relation commerciale existante et pendant les dix ann\u00e9es suivantes \u00e0 compter de la date de leur acquisition.<\/p>\n<p><strong>DROITS DE LA PERSONNE CONCERN\u00c9E<\/strong><\/p>\n<ul>\n<li>\n<p><span class=\"fontstyle0\">demander la confirmation de l&rsquo;existence de donn\u00e9es personnelles le concernant (droit d&rsquo;acc\u00e8s);<\/span><\/p>\n<\/li>\n<li>\n<p><span class=\"fontstyle0\">conna\u00eetre leur origine;<\/span><\/p>\n<\/li>\n<li>\n<p><span class=\"fontstyle0\">recevoir une communication intelligible des donn\u00e9es;<\/span><\/p>\n<\/li>\n<li>\n<p><span class=\"fontstyle0\">obtenir des informations sur la logique, les m\u00e9thodes et les finalit\u00e9s du traitement;<\/span><\/p>\n<\/li>\n<li>\n<p><span class=\"fontstyle0\">demander la mise \u00e0 jour, la rectification, l&rsquo;int\u00e9gration, l&rsquo;annulation, la transformation sous forme anonyme et le blocage des donn\u00e9es trait\u00e9es en violation de la loi, y compris les donn\u00e9es qui ne sont plus n\u00e9cessaires aux fins pour lesquelles elles ont \u00e9t\u00e9 collect\u00e9es;<\/span><\/p>\n<\/li>\n<li>\n<p><span class=\"fontstyle0\">en cas de traitement fond\u00e9 sur le consentement, de recevoir les donn\u00e9es personnelles fournies au responsable du traitement, sous une forme structur\u00e9e et lisible par machine et dans un format couramment utilis\u00e9 par un appareil \u00e9lectronique;<\/span><\/p>\n<\/li>\n<li>\n<p><span class=\"fontstyle0\">le droit d&rsquo;introduire une r\u00e9clamation aupr\u00e8s de l&rsquo;autorit\u00e9 de contr\u00f4le<\/span><\/p>\n<\/li>\n<\/ul>\n<p>Le responsable du traitement de vos donn\u00e9es personnelles est M. Giovam Battista La Marca (Administrateur unique de Nolanplastica S.p.A.).<\/p>\n\t\t\t\t\t\t<\/div>\n\t\t\t\t<\/div>\n\t\t\t\t\t<\/div>\n\t\t<\/div>\n\t\t\t\t\t<\/div>\n\t\t<\/section>\n\t\t\t\t<\/div>\n\t\t","protected":false},"excerpt":{"rendered":"<p>privacy policy Privacy Policy Les donn\u00e9es personnelles de l&rsquo;utilisateur sont utilis\u00e9es par Nolanplastica S.p.A., dont le si\u00e8ge social est situ\u00e9 Via Ponte di Sirico 68, Saviano (NA), qui est le responsable du traitement, dans le respect des principes de protection des donn\u00e9es personnelles \u00e9tablis par le r\u00e8glement GDPR 2016\/679 et le D\u00c9CRET L\u00c9GISLATIF 101\/2018 du [&hellip;]<\/p>\n","protected":false},"author":1,"featured_media":0,"parent":0,"menu_order":0,"comment_status":"closed","ping_status":"open","template":"elementor_header_footer","meta":{"footnotes":""},"class_list":["post-6255","page","type-page","status-publish","hentry"],"_links":{"self":[{"href":"https:\/\/nolanplastica.it\/fr\/wp-json\/wp\/v2\/pages\/6255"}],"collection":[{"href":"https:\/\/nolanplastica.it\/fr\/wp-json\/wp\/v2\/pages"}],"about":[{"href":"https:\/\/nolanplastica.it\/fr\/wp-json\/wp\/v2\/types\/page"}],"author":[{"embeddable":true,"href":"https:\/\/nolanplastica.it\/fr\/wp-json\/wp\/v2\/users\/1"}],"replies":[{"embeddable":true,"href":"https:\/\/nolanplastica.it\/fr\/wp-json\/wp\/v2\/comments?post=6255"}],"version-history":[{"count":4,"href":"https:\/\/nolanplastica.it\/fr\/wp-json\/wp\/v2\/pages\/6255\/revisions"}],"predecessor-version":[{"id":6264,"href":"https:\/\/nolanplastica.it\/fr\/wp-json\/wp\/v2\/pages\/6255\/revisions\/6264"}],"wp:attachment":[{"href":"https:\/\/nolanplastica.it\/fr\/wp-json\/wp\/v2\/media?parent=6255"}],"curies":[{"name":"wp","href":"https:\/\/api.w.org\/{rel}","templated":true}]}}

<div data-elementor-type="wp-page" data-elementor-id="6255" class="elementor elementor-6255 elementor-3" data-elementor-post-type="page">
						<section class="elementor-section elementor-top-section elementor-element elementor-element-1f3dbc8 elementor-section-height-min-height elementor-section-items-stretch elementor-section-boxed elementor-section-height-default" data-id="1f3dbc8" data-element_type="section" data-settings="{&quot;background_background&quot;:&quot;classic&quot;}">
							<div class="elementor-background-overlay"></div>
							<div class="elementor-container elementor-column-gap-no">
					<div class="elementor-column elementor-col-100 elementor-top-column elementor-element elementor-element-56b4e5e" data-id="56b4e5e" data-element_type="column">
			<div class="elementor-widget-wrap elementor-element-populated">
						<div class="elementor-element elementor-element-8f2e918 elementor-widget__width-auto elementor-widget elementor-widget-heading" data-id="8f2e918" data-element_type="widget" data-widget_type="heading.default">
				<div class="elementor-widget-container">
			<style>/*! elementor - v3.23.0 - 25-07-2024 */
.elementor-heading-title{padding:0;margin:0;line-height:1}.elementor-widget-heading .elementor-heading-title[class*=elementor-size-]>a{color:inherit;font-size:inherit;line-height:inherit}.elementor-widget-heading .elementor-heading-title.elementor-size-small{font-size:15px}.elementor-widget-heading .elementor-heading-title.elementor-size-medium{font-size:19px}.elementor-widget-heading .elementor-heading-title.elementor-size-large{font-size:29px}.elementor-widget-heading .elementor-heading-title.elementor-size-xl{font-size:39px}.elementor-widget-heading .elementor-heading-title.elementor-size-xxl{font-size:59px}</style><p class="elementor-heading-title elementor-size-default">privacy policy</p>		</div>
				</div>
				<div class="elementor-element elementor-element-9f90ac8 elementor-widget elementor-widget-heading" data-id="9f90ac8" data-element_type="widget" data-widget_type="heading.default">
				<div class="elementor-widget-container">
			<h1 class="elementor-heading-title elementor-size-default">Privacy Policy</h1>		</div>
				</div>
					</div>
		</div>
					</div>
		</section>
				<section class="elementor-section elementor-top-section elementor-element elementor-element-6f94b4d4 elementor-section-boxed elementor-section-height-default elementor-section-height-default" data-id="6f94b4d4" data-element_type="section">
						<div class="elementor-container elementor-column-gap-default">
					<div class="elementor-column elementor-col-100 elementor-top-column elementor-element elementor-element-43c92c3f" data-id="43c92c3f" data-element_type="column">
			<div class="elementor-widget-wrap elementor-element-populated">
						<div class="elementor-element elementor-element-3f76f376 elementor-widget elementor-widget-text-editor" data-id="3f76f376" data-element_type="widget" data-widget_type="text-editor.default">
				<div class="elementor-widget-container">
			<style>/*! elementor - v3.23.0 - 25-07-2024 */
.elementor-widget-text-editor.elementor-drop-cap-view-stacked .elementor-drop-cap{background-color:#69727d;color:#fff}.elementor-widget-text-editor.elementor-drop-cap-view-framed .elementor-drop-cap{color:#69727d;border:3px solid;background-color:transparent}.elementor-widget-text-editor:not(.elementor-drop-cap-view-default) .elementor-drop-cap{margin-top:8px}.elementor-widget-text-editor:not(.elementor-drop-cap-view-default) .elementor-drop-cap-letter{width:1em;height:1em}.elementor-widget-text-editor .elementor-drop-cap{float:left;text-align:center;line-height:1;font-size:50px}.elementor-widget-text-editor .elementor-drop-cap-letter{display:inline-block}</style>				<p>Les données personnelles de l&rsquo;utilisateur sont utilisées par Nolanplastica S.p.A., dont le siège social est situé Via Ponte di Sirico 68, Saviano (NA), qui est le responsable du traitement, dans le respect des principes de protection des données personnelles établis par le règlement GDPR 2016/679 et le DÉCRET LÉGISLATIF 101/2018 du 10 août 2018.</p>
<p><strong>MÉTHODES ET FINALITÉS DU TRAITEMENT DES DONNÉES</strong></p>
<p>Nous vous informons que vos données personnelles seront traitées de manière licite et correcte conformément à la législation susmentionnée et avec le soutien des moyens suivants:</p>
<ul>
<li>
<p>Formulaires papier (formulaires d&rsquo;inscription, de commande, etc.).</p>
</li>
<li>
<p>Moyens informatiques (logiciels de gestion, de comptabilité, etc.)</p>
</li>
</ul>
<p>avec les finalités suivantes:</p>
<ul>
<li>
<p>Exécution d&rsquo;obligations fiscales ou comptables</p>
</li>
<li>
<p>Gestion des fournisseurs (contrats, commandes, arrivages, factures)</p>
</li>
<li>
<p>Gestion des clients (contrats, commandes, expéditions, factures)</p>
</li>
<li>
<p>Instruments de paiement électronique (cartes de crédit et/ou de débit, monnaie électronique)</p>
</li>
</ul>
<p><strong>BASE JURIDIQUE</strong></p>
<p>La fourniture des données est obligatoire pour tout ce qui est requis par les obligations légales et contractuelles et, par conséquent, tout refus de fournir ces données en tout ou en partie peut entraîner l&rsquo;impossibilité de fournir les services demandés. L&rsquo;entreprise traite les données facultatives de l&rsquo;utilisateur sur la base du consentement, c&rsquo;est-à-dire par l&rsquo;approbation explicite de la présente politique de confidentialité et en relation avec les méthodes et les finalités décrites ci-dessous.</p>
<p><strong>CATÉGORIES DE DESTINATAIRES</strong></p>
<p>Sans préjudice des communications effectuées en exécution d&rsquo;obligations légales et contractuelles, toutes les données collectées et traitées pourront être communiquées, exclusivement pour les finalités indiquées ci-dessus, aux catégories d&rsquo;intéressés suivantes:</p>
<ul>
<li>
<p><span class="fontstyle0">Organismes, organes de contrôle, autorités ou institutions publiques;</span></p>
</li>
<li>
<p><span class="fontstyle0">Consultants et professionnels indépendants, y compris sous forme d&rsquo;association;</span></p>
</li>
<li>
<p><span class="fontstyle0">Compagnies d&rsquo;assurance;</span></p>
</li>
<li>
<p><span class="fontstyle0">Responsables externes;</span></p>
</li>
<li>
<p><span class="fontstyle0">Responsables internes;</span></p>
</li>
<li>
<p><span class="fontstyle0">Entreprises fournissant des services de logistique d&rsquo;entrepôt et de transport;</span></p>
</li>
<li>
<p><span class="fontstyle0">Sociétés et entreprises;</span></p>
</li>
<li>
<p><span class="fontstyle0">Banques et établissements de crédit chargés de suivre ou de recevoir des paiements liés à des relations contractuelles et commerciales.</span></p>
</li>
</ul>
<p><strong>DURÉE DE CONSERVATION</strong></p>
<p>Les données obligatoires à des fins contractuelles et comptables sont conservées pendant la durée nécessaire à l&rsquo;exécution de la relation commerciale et comptable. Les données des personnes qui n&rsquo;achètent pas ou n&rsquo;utilisent pas les produits/services, même si elles ont eu des contacts antérieurs avec des représentants de l&rsquo;entreprise, seront immédiatement supprimées ou traitées de manière anonyme, si leur conservation ne se justifie pas autrement, à moins que le consentement éclairé des personnes concernées n&rsquo;ait été valablement obtenu en vue d&rsquo;une promotion commerciale ou d&rsquo;une activité d&rsquo;étude de marché ultérieures. Les données seront traitées aussi longtemps que nécessaire pour l&rsquo;exécution de la relation commerciale existante et pendant les dix années suivantes à compter de la date de leur acquisition.</p>
<p><strong>DROITS DE LA PERSONNE CONCERNÉE</strong></p>
<ul>
<li>
<p><span class="fontstyle0">demander la confirmation de l&rsquo;existence de données personnelles le concernant (droit d&rsquo;accès);</span></p>
</li>
<li>
<p><span class="fontstyle0">connaître leur origine;</span></p>
</li>
<li>
<p><span class="fontstyle0">recevoir une communication intelligible des données;</span></p>
</li>
<li>
<p><span class="fontstyle0">obtenir des informations sur la logique, les méthodes et les finalités du traitement;</span></p>
</li>
<li>
<p><span class="fontstyle0">demander la mise à jour, la rectification, l&rsquo;intégration, l&rsquo;annulation, la transformation sous forme anonyme et le blocage des données traitées en violation de la loi, y compris les données qui ne sont plus nécessaires aux fins pour lesquelles elles ont été collectées;</span></p>
</li>
<li>
<p><span class="fontstyle0">en cas de traitement fondé sur le consentement, de recevoir les données personnelles fournies au responsable du traitement, sous une forme structurée et lisible par machine et dans un format couramment utilisé par un appareil électronique;</span></p>
</li>
<li>
<p><span class="fontstyle0">le droit d&rsquo;introduire une réclamation auprès de l&rsquo;autorité de contrôle</span></p>
</li>
</ul>
<p>Le responsable du traitement de vos données personnelles est M. Giovam Battista La Marca (Administrateur unique de Nolanplastica S.p.A.).</p>
						</div>
				</div>
					</div>
		</div>
					</div>
		</section>
				</div>

<p>privacy policy Privacy Policy Les données personnelles de l&rsquo;utilisateur sont utilisées par Nolanplastica S.p.A., dont le siège social est situé Via Ponte di Sirico 68, Saviano (NA), qui est le responsable du traitement, dans le respect des principes de protection des données personnelles établis par le règlement GDPR 2016/679 et le DÉCRET LÉGISLATIF 101/2018 du [&hellip;]</p>
